5?
295
Calculate the highest common divisor of 375348 and 372.
372
What is the highest common factor of 22 and 48466?
22
Calculate the highest common divisor of 391468 and 62.
62
What is the highest common factor of 279 and 178839?
279
Calculate the greatest common factor of 1680 and 96320.
560
What is the highest common factor of 1232 and 1482712?
616
What is the greatest common factor of 3025332 and 1368?
684
What is the highest common divisor of 96 and 166032?
48
Calculate the highest common factor of 10102 and 10.
2
What is the greatest common divisor of 12072 and 248?
8
Calculate the greatest common factor of 1600 and 9000.
200
What is the greatest common divisor of 53 and 5594945?
53
What is the greatest common divisor of 8216 and 16?
8
What is the highest common factor of 651 and 546?
21
Calculate the highest common factor of 31251 and 22.
11
Calculate the highest common factor of 11188686 and 17.
17
Calculate the greatest common divisor of 65556 and 11664.
108
Calculate the greatest common factor of 95976 and 24.
24
What is the greatest common divisor of 1401036 and 4368?
1092
What is the highest common factor of 296060 and 260?
20
What is the highest common factor of 72 and 198114?
6
What is the highest common divisor of 1587761 and 35?
7
Calculate the highest common divisor of 80 and 234720.
80
Calculate the greatest common factor of 9417 and 10320.
129
What is the highest common divisor of 2484849 and 291?
291
What is the greatest common divisor of 3086822 and 862?
862
Calculate the highest common divisor of 1514842 and 42.
14
Calculate the highest common divisor of 3465 and 85365.
315
Calculate the highest common factor of 337565 and 905.
905
Calculate the greatest common factor of 310 and 10615.
5
What is the greatest common factor of 49 and 4312?
49
Calculate the highest common factor of 20898 and 5031.
387
What is the greatest common divisor of 6408 and 88?
8
What is the highest common divisor of 165273 and 356?
89
Calculate the highest common factor of 379246 and 103.
103
What is the highest common factor of 61997 and 76?
19
Calculate the highest common factor of 8431 and 49.
1
Calculate the greatest common divisor of 3443 and 253.
11
Calculate the highest common factor of 67104 and 45.
9
Calculate the greatest common divisor of 1141 and 9079.
7
What is the greatest common factor of 184 and 1527?
1
What is the greatest common divisor of 2905 and 560?
35
Calculate the greatest common divisor of 27595 and 5.
5
What is the highest common factor of 5216 and 3784?
8
What is the highest common factor of 24376 and 173956?
1108
What is the highest common divisor of 69 and 506483?
23
What is the greatest common divisor of 1661971 and 3009?
1003
What is the greatest common factor of 20 and 13285?
5
Calculate the highest common divisor of 6918 and 102.
6
What is the highest common divisor of 3576118 and 7?
7
Calculate the greatest common factor of 1332870 and 550.
110
Calculate the greatest common divisor of 35986 and 3192.
38
What is the greatest common divisor of 176 and 857098?
22
What is the greatest common factor of 272 and 21301?
17
Calculate the highest common factor of 1098 and 20496.
366
What is the greatest common divisor of 144 and 250128?
144
What is the highest common divisor of 5346 and 6039?
99
What is the greatest common factor of 486 and 509706?
54
Calculate the highest common divisor of 130 and 749255.
65
What is the highest common divisor of 15861 and 844365?
933
What is the highest common divisor of 153 and 4527?
9
Calculate the greatest common divisor of 408 and 843.
3
Calculate the greatest common factor of 2091 and 1934872.
697
Calculate the highest common factor of 45684 and 37788.
564
Calculate the highest common divisor of 13819 and 1651.
13
What is the highest common divisor of 208 and 223574?
26
Calculate the greatest common divisor of 682 and 27632.
22
Calculate the highest common factor of 27787 and 296.
37
What is the highest common divisor of 2863569 and 188?
47
Calculate the greatest common factor of 64121 and 111.
37
What is the greatest common factor of 3536 and 1612?
52
Calculate the greatest common factor of 546 and 166218.
78
What is the greatest common factor of 2263 and 1387?
73
Calculate the highest common divisor of 3240 and 5508.
324
Calculate the highest common divisor of 70599 and 4848.
303
What is the greatest common divisor of 2641 and 1786?
19
What is the greatest common factor of 1037 and 1479?
17
What is the greatest common divisor of 646 and 191114?
34
What is the highest common factor of 42 and 2685018?
42
Calculate the greatest common factor of 30661 and 3.
1
What is the highest common divisor of 504994 and 294?
98
Calculate the highest common factor of 14 and 123851.
7
Calculate the greatest common divisor of 9040 and 50.
10
Calculate the highest common divisor of 37340 and 170.
10
What is the highest common factor of 37291 and 356?
89
Calculate the greatest common divisor of 1003 and 255935.
17
What is the greatest common divisor of 385 and 1624315?
385
Calculate the greatest common divisor of 3 and 38949.
3
What is the greatest common divisor of 26 and 331253?
13
Calculate the greatest common divisor of 74932 and 312.
52
What is the highest common factor of 4736 and 55168?
128
What is the highest common divisor of 105 and 3577728?
21
Calculate the greatest common factor of 144 and 19440.
144
What is the highest common divisor of 32292 and 65?
13
Calculate the highest common divisor of 1950 and 7566.
78
What is the highest common divisor of 128248 and 352?
8
What is the highest common factor of 447525 and 27?
27
Calculate the greatest common divisor of 504365 and 3725.
745
Calculate the highest common divisor of 88 and 155254.
22
Calculate the greatest common factor of 9667 and 7.
7
What is the greatest common divisor of 192 and 64584?
24
What is the highest common factor of 20248 and 10?
2
What is the greatest common factor of 75 and 1796610?
15
What is the greatest common divisor of 1080048 and 8?
8
Calculate the greatest common factor of 630 and 51390.
90
Calculate the greatest common factor of 2028 and 195.
39
Calculate the greatest common divisor of 1699 and 19.
1
What is the highest common divisor of 4131 and 34992?
243
Calculate the highest common factor of 20095 and 15.
5
Calculate the greatest common divisor of 301 and 237833.
43
Calculate the greatest common factor of 532297 and 215.
43
Calculate the greatest common factor of 14 and 273602.
14
Calculate the highest common factor of 179959 and 29757.
1417
What is the greatest common divisor of 52728 and 48?
24
What is the greatest common factor of 352 and 6182?
22
Calculate the greatest common divisor of 207 and 51399.
9
What is the greatest common factor of 6 and 21339?
3
Calculate the greatest common factor of 2640 and 1095.
15
What is the greatest common divisor of 339696 and 9072?
1008
Calculate the greatest common divisor of 17241 and 6.
3
What is the highest common factor of 221979 and 1281?
183
What is the greatest common divisor of 4003814 and 157?
157
Calculate the highest common divisor of 98 and 13174.
14
What is the highest common factor of 668091 and 86?
43
What is the greatest common factor of 16287 and 1869?
267
What is the greatest common factor of 565 and 395?
5
What is the highest common factor of 1110 and 1045250?
370
Calculate the greatest common factor of 1919 and 8181.
101
Calculate the greatest common divisor of 2139 and 2967.
69
What is the highest common factor of 30918 and 18?
6
What is the highest common factor of 646 and 865317?
323
What is the highest common factor of 367 and 179096?
367
What is the highest common factor of 6078 and 336?
6
What is the highest common divisor of 104 and 1470820?
52
Calculate the greatest common divisor of 1536 and 496.
16
Calculate the greatest common divisor of 7334 and 18142.
386
What is the greatest common divisor of 2790 and 84010?
310
What is the highest common factor of 217396 and 139?
139
What is the greatest common divisor of 738 and 22058?
82
Calculate the highest common factor of 309126 and 12.
6
What is the highest common factor of 324 and 469692?
108
What is the greatest common factor of 1160 and 50895?
145
What is the highest common factor of 621 a